{"id":896,"date":"2014-01-10T15:19:17","date_gmt":"2014-01-10T15:19:17","guid":{"rendered":"http:\/\/www.bmmarketing.com.br\/meddel\/?page_id=896"},"modified":"2022-10-13T21:57:15","modified_gmt":"2022-10-13T21:57:15","slug":"home_teste","status":"publish","type":"page","link":"https:\/\/meddel.com.br\/","title":{"rendered":"Home"},"content":{"rendered":"<p><div class=\"et_pb_section et_pb_fullwidth_section\">\n\t\t\t<div class=\"et_pb_slider et_slider_auto et_slider_speed_7000\">\n\t\t\t<div class=\"et_pb_slides\">\n\t\t\t\t<div class=\"et_pb_slide et_pb_bg_layout_dark\" style='background-color:#ffffff;background-image:url(http:\/\/meddel.com.br\/novo\/wp-content\/uploads\/2014\/01\/pagseguro-07-07.jpg);'>\n\t\t\t<div class=\"et_pb_container clearfix\">\n\t\t\t\t\n\t\t\t\t<div class=\"et_pb_slide_description\">\n\t\t\t\t\t\n\t\t\t\t\t<div class=\"et_pb_slide_content\"><\/div>\n\t\t\t\t\t\n\t\t\t\t<\/div> <!-- .et_pb_slide_description -->\n\t\t\t<\/div> <!-- .et_pb_container -->\n\t\t\t\n\t\t<\/div> <!-- .et_pb_slide -->\n\t\t<div class=\"et_pb_slide et_pb_slide_with_image et_pb_bg_layout_light\" style='background-color:#ffffff;background-image:url(http:\/\/meddel.com.br\/novo\/wp-content\/uploads\/2014\/01\/bg4-32-32.jpg);'>\n\t\t\t<div class=\"et_pb_container clearfix\">\n\t\t\t\t<div class=\"et_pb_slide_image\"><img decoding=\"async\" src=\"http:\/\/meddel.com.br\/novo\/wp-content\/uploads\/2014\/01\/CONTROLADOR-DE-TEMPERATURA-MOD-C704.png\" alt=\"\" \/><\/div>\n\t\t\t\t<div class=\"et_pb_slide_description\">\n\t\t\t\t\t<h2>Controlador de temperatura<\/h2>\n\t\t\t\t\t<div class=\"et_pb_slide_content\"><\/div>\n\t\t\t\t\t\n\t\t\t\t<\/div> <!-- .et_pb_slide_description -->\n\t\t\t<\/div> <!-- .et_pb_container -->\n\t\t\t\n\t\t<\/div> <!-- .et_pb_slide -->\n\t\t<div class=\"et_pb_slide et_pb_slide_with_image et_pb_bg_layout_light\" style='background-color:#ffffff;background-image:url(http:\/\/meddel.com.br\/novo\/wp-content\/uploads\/2014\/01\/bg2_Home-copy_Home-copy_Home-copy-2.jpg);'>\n\t\t\t<div class=\"et_pb_container clearfix\">\n\t\t\t\t<div class=\"et_pb_slide_image\"><img decoding=\"async\" src=\"http:\/\/meddel.com.br\/novo\/wp-content\/uploads\/2014\/01\/PROGRAMADOR-DE-CHAMA-PRG-SE-C0-O1.png\" alt=\"\" \/><\/div>\n\t\t\t\t<div class=\"et_pb_slide_description\">\n\t\t\t\t\t<h2>Programador de chama<\/h2>\n\t\t\t\t\t<div class=\"et_pb_slide_content\"><\/div>\n\t\t\t\t\t\n\t\t\t\t<\/div> <!-- .et_pb_slide_description -->\n\t\t\t<\/div> <!-- .et_pb_container -->\n\t\t\t\n\t\t<\/div> <!-- .et_pb_slide -->\n\t\t<div class=\"et_pb_slide et_pb_slide_with_image et_pb_bg_layout_dark\" style='background-color:#ffffff;background-image:url(http:\/\/meddel.com.br\/novo\/wp-content\/uploads\/2014\/01\/bg2.jpg);'>\n\t\t\t<div class=\"et_pb_container clearfix\">\n\t\t\t\t<div class=\"et_pb_slide_image\"><img decoding=\"async\" src=\"https:\/\/meddel.com.br\/novo\/wp-content\/uploads\/2022\/10\/MTPR22Transparente.png\" alt=\"\" \/><\/div>\n\t\t\t\t<div class=\"et_pb_slide_description\">\n\t\t\t\t\t<h2>Transmissores de Press\u00e3o<\/h2>\n\t\t\t\t\t<div class=\"et_pb_slide_content\"><\/div>\n\t\t\t\t\t\n\t\t\t\t<\/div> <!-- .et_pb_slide_description -->\n\t\t\t<\/div> <!-- .et_pb_container -->\n\t\t\t\n\t\t<\/div> <!-- .et_pb_slide -->\n\t\t<div class=\"et_pb_slide et_pb_slide_with_image et_pb_bg_layout_dark\" style='background-color:#ffffff;background-image:url(http:\/\/meddel.com.br\/novo\/wp-content\/uploads\/2014\/01\/bg2a.jpg);'>\n\t\t\t<div class=\"et_pb_container clearfix\">\n\t\t\t\t<div class=\"et_pb_slide_image\"><img decoding=\"async\" src=\"http:\/\/meddel.com.br\/novo\/wp-content\/uploads\/2014\/01\/Termopar1.png\" alt=\"\" \/><\/div>\n\t\t\t\t<div class=\"et_pb_slide_description\">\n\t\t\t\t\t<h2>Termopares<\/h2>\n\t\t\t\t\t<div class=\"et_pb_slide_content\"><\/div>\n\t\t\t\t\t<a href=\"#\" class=\"et_pb_more_button\">Fabricados conforme a sua aplica\u00e7\u00e3o<\/a>\n\t\t\t\t<\/div> <!-- .et_pb_slide_description -->\n\t\t\t<\/div> <!-- .et_pb_container -->\n\t\t\t\n\t\t<\/div> <!-- .et_pb_slide -->\n\t\t<div class=\"et_pb_slide et_pb_slide_with_image et_pb_bg_layout_dark\" style='background-color:#ffffff;background-image:url(http:\/\/meddel.com.br\/novo\/wp-content\/uploads\/2014\/01\/bg2.jpg);'>\n\t\t\t<div class=\"et_pb_container clearfix\">\n\t\t\t\t<div class=\"et_pb_slide_image\"><img decoding=\"async\" src=\"http:\/\/meddel.com.br\/novo\/wp-content\/uploads\/2014\/01\/Transformador-Igni\u00e7\u00e3o-ACSTE21C6.png\" alt=\"\" \/><\/div>\n\t\t\t\t<div class=\"et_pb_slide_description\">\n\t\t\t\t\t<h2>Transformador Igni\u00e7\u00e3o<\/h2>\n\t\t\t\t\t<div class=\"et_pb_slide_content\"><\/div>\n\t\t\t\t\t\n\t\t\t\t<\/div> <!-- .et_pb_slide_description -->\n\t\t\t<\/div> <!-- .et_pb_container -->\n\t\t\t\n\t\t<\/div> <!-- .et_pb_slide -->\n\t\t\n\t\t\t<\/div> <!-- .et_pb_slides -->\n\t\t<\/div> <!-- .et_pb_slider -->\n\t\t\n\t\t\t\n\t\t<\/div> <!-- .et_pb_section --><div class=\"et_pb_section\">\n\t\t\t<div class=\"et_pb_row\">\n\t\t\t<div class=\"et_pb_column et_pb_column_4_4\">\n\t\t\t<div class=\"et_pb_shop\">\n\t\t\t<div class=\"woocommerce\">\n\t\t\t<ul class=\"products\">\n\t\t\t\t\n\t\t\t\t\t<li class=\"first post-2775 product type-product status-publish has-post-thumbnail hentry product_type-simple product_cat-medicao-e-controle-7 product_cat-conversores-de-sinais product_cat-transmissores-de-temperatura-e-umidade instock\">\n\n\t\n\t<a href=\"https:\/\/meddel.com.br\/?product=transmissor-cabecote-mtc-01911\">\n\n\t\t<span class=\"et_shop_image\"><img loading=\"lazy\" decoding=\"async\" width=\"240\" height=\"226\" src=\"https:\/\/meddel.com.br\/novo\/wp-content\/uploads\/2014\/02\/IMG_20220121_175831.jpgR1_-e1670355280487.jpg\" class=\"attachment-shop_catalog size-shop_catalog wp-post-image\" alt=\"\" \/><span class=\"et_overlay\"><\/span><\/span>\n\t\t<h3>Transmissor Cabe\u00e7ote MTC-01911<\/h3>\n\n\t\t\nFazer or\u00e7amento\n\t<\/a>\n\n\t\n<\/li>\n\t\t\t\t\n\t\t\t\t\t<li class=\"post-2609 product type-product status-publish has-post-thumbnail hentry product_type-simple instock\">\n\n\t\n\t<a href=\"https:\/\/meddel.com.br\/?product=transmissor-de-pressao-mtpr\">\n\n\t\t<span class=\"et_shop_image\"><img loading=\"lazy\" decoding=\"async\" width=\"180\" height=\"230\" src=\"https:\/\/meddel.com.br\/novo\/wp-content\/uploads\/2020\/06\/MTPR-20-e1670355669256.png\" class=\"attachment-shop_catalog size-shop_catalog wp-post-image\" alt=\"\" \/><span class=\"et_overlay\"><\/span><\/span>\n\t\t<h3>Transmissor de Press\u00e3o MTPR<\/h3>\n\n\t\t\nFazer or\u00e7amento\n\t<\/a>\n\n\t\n<\/li>\n\t\t\t\t\n\t\t\t\t\t<li class=\"post-2597 product type-product status-publish has-post-thumbnail hentry product_type-simple product_cat-medicao-e-controle-7 product_cat-transmissores-de-pressao instock\">\n\n\t\n\t<a href=\"https:\/\/meddel.com.br\/?product=transmissor-pressao-diferencial\">\n\n\t\t<span class=\"et_shop_image\"><img loading=\"lazy\" decoding=\"async\" width=\"400\" height=\"400\" src=\"https:\/\/meddel.com.br\/novo\/wp-content\/uploads\/2020\/06\/MTPR-Redimens-400x400.png\" class=\"attachment-shop_catalog size-shop_catalog wp-post-image\" alt=\"Transmissor Press\u00e3o Diferencial\" srcset=\"https:\/\/meddel.com.br\/novo\/wp-content\/uploads\/2020\/06\/MTPR-Redimens-400x400.png 400w, https:\/\/meddel.com.br\/novo\/wp-content\/uploads\/2020\/06\/MTPR-Redimens-150x150.png 150w, https:\/\/meddel.com.br\/novo\/wp-content\/uploads\/2020\/06\/MTPR-Redimens-157x157.png 157w\" sizes=\"(max-width: 400px) 100vw, 400px\" \/><span class=\"et_overlay\"><\/span><\/span>\n\t\t<h3>Transmissor Press\u00e3o Diferencial<\/h3>\n\n\t\t\nFazer or\u00e7amento\n\t<\/a>\n\n\t\n<\/li>\n\t\t\t\t\n\t\t\t\t\t<li class=\"last post-2407 product type-product status-publish has-post-thumbnail hentry product_type-simple product_cat-medicao-e-controle-7 product_cat-controladores-temperatura-pressao-vazao instock\">\n\n\t\n\t<a href=\"https:\/\/meddel.com.br\/?product=controlador-de-processos-c702\">\n\n\t\t<span class=\"et_shop_image\"><img loading=\"lazy\" decoding=\"async\" width=\"400\" height=\"400\" src=\"https:\/\/meddel.com.br\/novo\/wp-content\/uploads\/2016\/05\/CONTROLADOR-DE-PROCESSOS-C702-400x400.png\" class=\"attachment-shop_catalog size-shop_catalog wp-post-image\" alt=\"\" srcset=\"https:\/\/meddel.com.br\/novo\/wp-content\/uploads\/2016\/05\/CONTROLADOR-DE-PROCESSOS-C702-400x400.png 400w, https:\/\/meddel.com.br\/novo\/wp-content\/uploads\/2016\/05\/CONTROLADOR-DE-PROCESSOS-C702-150x150.png 150w, https:\/\/meddel.com.br\/novo\/wp-content\/uploads\/2016\/05\/CONTROLADOR-DE-PROCESSOS-C702-300x300.png 300w, https:\/\/meddel.com.br\/novo\/wp-content\/uploads\/2016\/05\/CONTROLADOR-DE-PROCESSOS-C702-600x600.png 600w, https:\/\/meddel.com.br\/novo\/wp-content\/uploads\/2016\/05\/CONTROLADOR-DE-PROCESSOS-C702-157x157.png 157w, https:\/\/meddel.com.br\/novo\/wp-content\/uploads\/2016\/05\/CONTROLADOR-DE-PROCESSOS-C702-510x510.png 510w, https:\/\/meddel.com.br\/novo\/wp-content\/uploads\/2016\/05\/CONTROLADOR-DE-PROCESSOS-C702.png 621w\" sizes=\"(max-width: 400px) 100vw, 400px\" \/><span class=\"et_overlay\"><\/span><\/span>\n\t\t<h3>Controlador de Processos C702<\/h3>\n\n\t\t\nFazer or\u00e7amento\n\t<\/a>\n\n\t\n<\/li>\n\t\t\t\t\n\t\t\t\t\t<li class=\"first post-2401 product type-product status-publish has-post-thumbnail hentry product_type-simple product_cat-medicao-e-controle-7 product_cat-aquisitor-dados instock\">\n\n\t\n\t<a href=\"https:\/\/meddel.com.br\/?product=a502\">\n\n\t\t<span class=\"et_shop_image\"><img loading=\"lazy\" decoding=\"async\" width=\"400\" height=\"400\" src=\"https:\/\/meddel.com.br\/novo\/wp-content\/uploads\/2016\/05\/AQUISITOR-DE-DADOS-A502-400x400.png\" class=\"attachment-shop_catalog size-shop_catalog wp-post-image\" alt=\"\" srcset=\"https:\/\/meddel.com.br\/novo\/wp-content\/uploads\/2016\/05\/AQUISITOR-DE-DADOS-A502-400x400.png 400w, https:\/\/meddel.com.br\/novo\/wp-content\/uploads\/2016\/05\/AQUISITOR-DE-DADOS-A502-150x150.png 150w, https:\/\/meddel.com.br\/novo\/wp-content\/uploads\/2016\/05\/AQUISITOR-DE-DADOS-A502-300x300.png 300w, https:\/\/meddel.com.br\/novo\/wp-content\/uploads\/2016\/05\/AQUISITOR-DE-DADOS-A502-600x600.png 600w, https:\/\/meddel.com.br\/novo\/wp-content\/uploads\/2016\/05\/AQUISITOR-DE-DADOS-A502-157x157.png 157w, https:\/\/meddel.com.br\/novo\/wp-content\/uploads\/2016\/05\/AQUISITOR-DE-DADOS-A502-510x510.png 510w, https:\/\/meddel.com.br\/novo\/wp-content\/uploads\/2016\/05\/AQUISITOR-DE-DADOS-A502.png 665w\" sizes=\"(max-width: 400px) 100vw, 400px\" \/><span class=\"et_overlay\"><\/span><\/span>\n\t\t<h3>Aquisitor de Dados A502<\/h3>\n\n\t\t\nFazer or\u00e7amento\n\t<\/a>\n\n\t\n<\/li>\n\t\t\t\t\n\t\t\t\t\t<li class=\"post-2213 product type-product status-publish has-post-thumbnail hentry product_type-simple product_cat-medicao-e-controle-7 product_cat-contadores-e-temporizadores instock\">\n\n\t\n\t<a href=\"https:\/\/meddel.com.br\/?product=contador-temp-veloc-kt507\">\n\n\t\t<span class=\"et_shop_image\"><img loading=\"lazy\" decoding=\"async\" width=\"400\" height=\"400\" src=\"https:\/\/meddel.com.br\/novo\/wp-content\/uploads\/2014\/04\/KT507-400x400.png\" class=\"attachment-shop_catalog size-shop_catalog wp-post-image\" alt=\"\" srcset=\"https:\/\/meddel.com.br\/novo\/wp-content\/uploads\/2014\/04\/KT507-400x400.png 400w, https:\/\/meddel.com.br\/novo\/wp-content\/uploads\/2014\/04\/KT507-150x150.png 150w, https:\/\/meddel.com.br\/novo\/wp-content\/uploads\/2014\/04\/KT507-300x300.png 300w, https:\/\/meddel.com.br\/novo\/wp-content\/uploads\/2014\/04\/KT507-157x157.png 157w, https:\/\/meddel.com.br\/novo\/wp-content\/uploads\/2014\/04\/KT507.png 420w\" sizes=\"(max-width: 400px) 100vw, 400px\" \/><span class=\"et_overlay\"><\/span><\/span>\n\t\t<h3>Contador Temp.\/ Veloc. KT507<\/h3>\n\n\t\t\nFazer or\u00e7amento\n\t<\/a>\n\n\t\n<\/li>\n\t\t\t\t\n\t\t\t\t\t<li class=\"post-2211 product type-product status-publish has-post-thumbnail hentry product_type-simple product_cat-medicao-e-controle-7 product_cat-contadores-e-temporizadores instock\">\n\n\t\n\t<a href=\"https:\/\/meddel.com.br\/?product=contador-temp-veloc-kt504\">\n\n\t\t<span class=\"et_shop_image\"><img loading=\"lazy\" decoding=\"async\" width=\"400\" height=\"400\" src=\"https:\/\/meddel.com.br\/novo\/wp-content\/uploads\/2014\/04\/KT504-400x400.png\" class=\"attachment-shop_catalog size-shop_catalog wp-post-image\" alt=\"\" srcset=\"https:\/\/meddel.com.br\/novo\/wp-content\/uploads\/2014\/04\/KT504-400x400.png 400w, https:\/\/meddel.com.br\/novo\/wp-content\/uploads\/2014\/04\/KT504-150x150.png 150w, https:\/\/meddel.com.br\/novo\/wp-content\/uploads\/2014\/04\/KT504-300x300.png 300w, https:\/\/meddel.com.br\/novo\/wp-content\/uploads\/2014\/04\/KT504-157x157.png 157w, https:\/\/meddel.com.br\/novo\/wp-content\/uploads\/2014\/04\/KT504.png 420w\" sizes=\"(max-width: 400px) 100vw, 400px\" \/><span class=\"et_overlay\"><\/span><\/span>\n\t\t<h3>Contador Temp.\/Veloc. KT504<\/h3>\n\n\t\t\nFazer or\u00e7amento\n\t<\/a>\n\n\t\n<\/li>\n\t\t\t\t\n\t\t\t\t\t<li class=\"last post-2210 product type-product status-publish has-post-thumbnail hentry product_type-simple product_cat-medicao-e-controle-7 product_cat-contadores-e-temporizadores instock\">\n\n\t\n\t<a href=\"https:\/\/meddel.com.br\/?product=temporizador-t307\">\n\n\t\t<span class=\"et_shop_image\"><img loading=\"lazy\" decoding=\"async\" width=\"400\" height=\"400\" src=\"https:\/\/meddel.com.br\/novo\/wp-content\/uploads\/2014\/04\/T307-400x400.png\" class=\"attachment-shop_catalog size-shop_catalog wp-post-image\" alt=\"\" srcset=\"https:\/\/meddel.com.br\/novo\/wp-content\/uploads\/2014\/04\/T307-400x400.png 400w, https:\/\/meddel.com.br\/novo\/wp-content\/uploads\/2014\/04\/T307-150x150.png 150w, https:\/\/meddel.com.br\/novo\/wp-content\/uploads\/2014\/04\/T307-300x300.png 300w, https:\/\/meddel.com.br\/novo\/wp-content\/uploads\/2014\/04\/T307-157x157.png 157w, https:\/\/meddel.com.br\/novo\/wp-content\/uploads\/2014\/04\/T307.png 420w\" sizes=\"(max-width: 400px) 100vw, 400px\" \/><span class=\"et_overlay\"><\/span><\/span>\n\t\t<h3>Temporizador T307<\/h3>\n\n\t\t\nFazer or\u00e7amento\n\t<\/a>\n\n\t\n<\/li>\n\t\t\t\t\n\t\t\t\t\t<li class=\"first post-2190 product type-product status-publish has-post-thumbnail hentry product_type-simple product_cat-controle-de-chama product_cat-programadores-de-chama instock\">\n\n\t\n\t<a href=\"https:\/\/meddel.com.br\/?product=programador-de-chama-pct-ie\">\n\n\t\t<span class=\"et_shop_image\"><img loading=\"lazy\" decoding=\"async\" width=\"199\" height=\"190\" src=\"https:\/\/meddel.com.br\/novo\/wp-content\/uploads\/2014\/12\/Sem-t\u00edtulo.png\" class=\"attachment-shop_catalog size-shop_catalog wp-post-image\" alt=\"\" \/><span class=\"et_overlay\"><\/span><\/span>\n\t\t<h3>Programador de Chama PCT-Ie<\/h3>\n\n\t\t\nFazer or\u00e7amento\n\t<\/a>\n\n\t\n<\/li>\n\t\t\t\t\n\t\t\t\t\t<li class=\"post-2187 product type-product status-publish has-post-thumbnail hentry product_type-simple product_cat-controle-de-chama product_cat-programadores-de-chama instock\">\n\n\t\n\t<a href=\"https:\/\/meddel.com.br\/?product=programador-de-chama-prg-rs\">\n\n\t\t<span class=\"et_shop_image\"><img loading=\"lazy\" decoding=\"async\" width=\"335\" height=\"350\" src=\"https:\/\/meddel.com.br\/novo\/wp-content\/uploads\/2014\/03\/PRGRS.png\" class=\"attachment-shop_catalog size-shop_catalog wp-post-image\" alt=\"\" srcset=\"https:\/\/meddel.com.br\/novo\/wp-content\/uploads\/2014\/03\/PRGRS.png 335w, https:\/\/meddel.com.br\/novo\/wp-content\/uploads\/2014\/03\/PRGRS-287x300.png 287w, https:\/\/meddel.com.br\/novo\/wp-content\/uploads\/2014\/03\/PRGRS-150x157.png 150w\" sizes=\"(max-width: 335px) 100vw, 335px\" \/><span class=\"et_overlay\"><\/span><\/span>\n\t\t<h3>Programador de Chama PRG-RS<\/h3>\n\n\t\t\nFazer or\u00e7amento\n\t<\/a>\n\n\t\n<\/li>\n\t\t\t\t\n\t\t\t\t\t<li class=\"post-2137 product type-product status-publish has-post-thumbnail hentry product_type-simple product_cat-medicao-e-controle-7 product_cat-reles-de-estado-solido instock\">\n\n\t\n\t<a href=\"https:\/\/meddel.com.br\/?product=rele-trifasico-cr3\">\n\n\t\t<span class=\"et_shop_image\"><img loading=\"lazy\" decoding=\"async\" width=\"400\" height=\"400\" src=\"https:\/\/meddel.com.br\/novo\/wp-content\/uploads\/2014\/01\/Controlador-de-Potencia-CR3-linear-400x400.jpg\" class=\"attachment-shop_catalog size-shop_catalog wp-post-image\" alt=\"\" srcset=\"https:\/\/meddel.com.br\/novo\/wp-content\/uploads\/2014\/01\/Controlador-de-Potencia-CR3-linear-400x400.jpg 400w, https:\/\/meddel.com.br\/novo\/wp-content\/uploads\/2014\/01\/Controlador-de-Potencia-CR3-linear-150x150.jpg 150w, https:\/\/meddel.com.br\/novo\/wp-content\/uploads\/2014\/01\/Controlador-de-Potencia-CR3-linear-157x157.jpg 157w\" sizes=\"(max-width: 400px) 100vw, 400px\" \/><span class=\"et_overlay\"><\/span><\/span>\n\t\t<h3>Rel\u00e9 Trif\u00e1sico CR3<\/h3>\n\n\t\t\nFazer or\u00e7amento\n\t<\/a>\n\n\t\n<\/li>\n\t\t\t\t\n\t\t\t\t\t<li class=\"last post-2135 product type-product status-publish has-post-thumbnail hentry product_type-simple product_cat-medicao-e-controle-7 product_cat-controladores-de-potencia instock\">\n\n\t\n\t<a href=\"https:\/\/meddel.com.br\/?product=controlador-de-potencia-p301\">\n\n\t\t<span class=\"et_shop_image\"><img loading=\"lazy\" decoding=\"async\" width=\"220\" height=\"205\" src=\"https:\/\/meddel.com.br\/novo\/wp-content\/uploads\/2014\/02\/p301.jpg\" class=\"attachment-shop_catalog size-shop_catalog wp-post-image\" alt=\"\" srcset=\"https:\/\/meddel.com.br\/novo\/wp-content\/uploads\/2014\/02\/p301.jpg 220w, https:\/\/meddel.com.br\/novo\/wp-content\/uploads\/2014\/02\/p301-157x146.jpg 157w\" sizes=\"(max-width: 220px) 100vw, 220px\" \/><span class=\"et_overlay\"><\/span><\/span>\n\t\t<h3>Controlador de Pot\u00eancia P301<\/h3>\n\n\t\t\nFazer or\u00e7amento\n\t<\/a>\n\n\t\n<\/li>\n\t\t\t\t\n\t\t\t<\/ul>\n\t\t<\/div>\n\t\t<\/div>\n\t\t<\/div> <!-- .et_pb_column -->\n\t\t<\/div> <!-- .et_pb_row --><div class=\"et_pb_row\">\n\t\t\t<div class=\"et_pb_column et_pb_column_1_2\">\n\t\t\t<img decoding=\"async\" src=\"http:\/\/meddel.com.br\/novo\/wp-content\/uploads\/2014\/01\/banner4-34.jpg\" alt=\"\" class=\"et-waypoint et_pb_image et_pb_animation_left\" \/>\n\t\t<\/div> <!-- .et_pb_column --><div class=\"et_pb_column et_pb_column_1_2\">\n\t\t\t<div class=\"et_pb_text et_pb_bg_layout_light et_pb_text_align_left\">\n\t\t\t\n<h2><span style=\"color: #ff6600;\">Principais Marcas<\/span><\/h2>\n<p style=\"text-align: center;\"><span style=\"color: #808080;\">Consulte a M\u00e9ddel e conhe\u00e7a as melhores solu\u00e7\u00f5es em Instrumenta\u00e7\u00e3o Industrial.<\/span> <a href=\"http:\/\/meddel.com.br\/novo\/wp-content\/uploads\/2015\/10\/fornecedores.jpg\"><img loading=\"lazy\" decoding=\"async\" class=\"size-full wp-image-2302 aligncenter\" alt=\"fornecedores\" src=\"http:\/\/meddel.com.br\/novo\/wp-content\/uploads\/2015\/10\/fornecedores.jpg\" width=\"385\" height=\"85\" srcset=\"https:\/\/meddel.com.br\/novo\/wp-content\/uploads\/2015\/10\/fornecedores.jpg 385w, https:\/\/meddel.com.br\/novo\/wp-content\/uploads\/2015\/10\/fornecedores-300x66.jpg 300w\" sizes=\"(max-width: 385px) 100vw, 385px\" \/><\/a><\/p>\n\n\t\t<\/div> <!-- .et_pb_text -->\n\t\t<\/div> <!-- .et_pb_column -->\n\t\t<\/div> <!-- .et_pb_row -->\n\t\t\t\n\t\t<\/div> <!-- .et_pb_section --><div class=\"et_pb_section et_pb_inner_shadow\" style='background-color:#f5f5f5;'>\n\t\t\t<div class=\"et_pb_row\">\n\t\t\t<div class=\"et_pb_column et_pb_column_1_2\">\n\t\t\t<div class=\"et_pb_widget_area et_pb_widget_area_left clearfix et_pb_bg_layout_light\">\n\t\t\t<div id=\"search-2\" class=\"et_pb_widget widget_search\"><form role=\"search\" method=\"get\" id=\"searchform\" class=\"searchform\" action=\"https:\/\/meddel.com.br\/\">\n\t\t\t\t<div>\n\t\t\t\t\t<label class=\"screen-reader-text\" for=\"s\">Pesquisar por:<\/label>\n\t\t\t\t\t<input type=\"text\" value=\"\" name=\"s\" id=\"s\" \/>\n\t\t\t\t\t<input type=\"submit\" id=\"searchsubmit\" value=\"Pesquisar\" \/>\n\t\t\t\t<\/div>\n\t\t\t<\/form><\/div> <!-- end .et_pb_widget -->\n\t\t<\/div> <!-- .et_pb_widget_area -->\n\t\t<\/div> <!-- .et_pb_column --><div class=\"et_pb_column et_pb_column_1_2\">\n\t\t\t<div class=\"et_pb_text et_pb_bg_layout_light et_pb_text_align_left\">\n\t\t\t\n<h2><span style=\"color: #808080;\">Servi\u00e7os<\/span><\/h2>\n<ul>\n<li><span style=\"color: #1a6e7e;\">Instala\u00e7\u00e3o de Instrumentos de Medi\u00e7\u00e3o e Controle de Processos<\/span><\/li>\n<li><span style=\"color: #1a6e7e;\">Consultoria em Instrumenta\u00e7\u00e3o<\/span><\/li>\n<\/ul>\n\n\t\t<\/div> <!-- .et_pb_text --><div class=\"et_pb_shop\">\n\t\t\t<div class=\"woocommerce\">\n\t\t\t<ul class=\"products\">\n\t\t\t\t\n\t\t\t\t\t<li class=\"first post-2775 product type-product status-publish has-post-thumbnail hentry product_type-simple product_cat-medicao-e-controle-7 product_cat-conversores-de-sinais product_cat-transmissores-de-temperatura-e-umidade instock\">\n\n\t\n\t<a href=\"https:\/\/meddel.com.br\/?product=transmissor-cabecote-mtc-01911\">\n\n\t\t<span class=\"et_shop_image\"><img loading=\"lazy\" decoding=\"async\" width=\"240\" height=\"226\" src=\"https:\/\/meddel.com.br\/novo\/wp-content\/uploads\/2014\/02\/IMG_20220121_175831.jpgR1_-e1670355280487.jpg\" class=\"attachment-shop_catalog size-shop_catalog wp-post-image\" alt=\"\" \/><span class=\"et_overlay\"><\/span><\/span>\n\t\t<h3>Transmissor Cabe\u00e7ote MTC-01911<\/h3>\n\n\t\t\nFazer or\u00e7amento\n\t<\/a>\n\n\t\n<\/li>\n\t\t\t\t\n\t\t\t\t\t<li class=\"last post-2609 product type-product status-publish has-post-thumbnail hentry product_type-simple instock\">\n\n\t\n\t<a href=\"https:\/\/meddel.com.br\/?product=transmissor-de-pressao-mtpr\">\n\n\t\t<span class=\"et_shop_image\"><img loading=\"lazy\" decoding=\"async\" width=\"180\" height=\"230\" src=\"https:\/\/meddel.com.br\/novo\/wp-content\/uploads\/2020\/06\/MTPR-20-e1670355669256.png\" class=\"attachment-shop_catalog size-shop_catalog wp-post-image\" alt=\"\" \/><span class=\"et_overlay\"><\/span><\/span>\n\t\t<h3>Transmissor de Press\u00e3o MTPR<\/h3>\n\n\t\t\nFazer or\u00e7amento\n\t<\/a>\n\n\t\n<\/li>\n\t\t\t\t\n\t\t\t\t\t<li class=\"first post-2597 product type-product status-publish has-post-thumbnail hentry product_type-simple product_cat-medicao-e-controle-7 product_cat-transmissores-de-pressao instock\">\n\n\t\n\t<a href=\"https:\/\/meddel.com.br\/?product=transmissor-pressao-diferencial\">\n\n\t\t<span class=\"et_shop_image\"><img loading=\"lazy\" decoding=\"async\" width=\"400\" height=\"400\" src=\"https:\/\/meddel.com.br\/novo\/wp-content\/uploads\/2020\/06\/MTPR-Redimens-400x400.png\" class=\"attachment-shop_catalog size-shop_catalog wp-post-image\" alt=\"Transmissor Press\u00e3o Diferencial\" srcset=\"https:\/\/meddel.com.br\/novo\/wp-content\/uploads\/2020\/06\/MTPR-Redimens-400x400.png 400w, https:\/\/meddel.com.br\/novo\/wp-content\/uploads\/2020\/06\/MTPR-Redimens-150x150.png 150w, https:\/\/meddel.com.br\/novo\/wp-content\/uploads\/2020\/06\/MTPR-Redimens-157x157.png 157w\" sizes=\"(max-width: 400px) 100vw, 400px\" \/><span class=\"et_overlay\"><\/span><\/span>\n\t\t<h3>Transmissor Press\u00e3o Diferencial<\/h3>\n\n\t\t\nFazer or\u00e7amento\n\t<\/a>\n\n\t\n<\/li>\n\t\t\t\t\n\t\t\t\t\t<li class=\"last post-2407 product type-product status-publish has-post-thumbnail hentry product_type-simple product_cat-medicao-e-controle-7 product_cat-controladores-temperatura-pressao-vazao instock\">\n\n\t\n\t<a href=\"https:\/\/meddel.com.br\/?product=controlador-de-processos-c702\">\n\n\t\t<span class=\"et_shop_image\"><img loading=\"lazy\" decoding=\"async\" width=\"400\" height=\"400\" src=\"https:\/\/meddel.com.br\/novo\/wp-content\/uploads\/2016\/05\/CONTROLADOR-DE-PROCESSOS-C702-400x400.png\" class=\"attachment-shop_catalog size-shop_catalog wp-post-image\" alt=\"\" srcset=\"https:\/\/meddel.com.br\/novo\/wp-content\/uploads\/2016\/05\/CONTROLADOR-DE-PROCESSOS-C702-400x400.png 400w, https:\/\/meddel.com.br\/novo\/wp-content\/uploads\/2016\/05\/CONTROLADOR-DE-PROCESSOS-C702-150x150.png 150w, https:\/\/meddel.com.br\/novo\/wp-content\/uploads\/2016\/05\/CONTROLADOR-DE-PROCESSOS-C702-300x300.png 300w, https:\/\/meddel.com.br\/novo\/wp-content\/uploads\/2016\/05\/CONTROLADOR-DE-PROCESSOS-C702-600x600.png 600w, https:\/\/meddel.com.br\/novo\/wp-content\/uploads\/2016\/05\/CONTROLADOR-DE-PROCESSOS-C702-157x157.png 157w, https:\/\/meddel.com.br\/novo\/wp-content\/uploads\/2016\/05\/CONTROLADOR-DE-PROCESSOS-C702-510x510.png 510w, https:\/\/meddel.com.br\/novo\/wp-content\/uploads\/2016\/05\/CONTROLADOR-DE-PROCESSOS-C702.png 621w\" sizes=\"(max-width: 400px) 100vw, 400px\" \/><span class=\"et_overlay\"><\/span><\/span>\n\t\t<h3>Controlador de Processos C702<\/h3>\n\n\t\t\nFazer or\u00e7amento\n\t<\/a>\n\n\t\n<\/li>\n\t\t\t\t\n\t\t\t<\/ul>\n\t\t<\/div>\n\t\t<\/div>\n\t\t<\/div> <!-- .et_pb_column -->\n\t\t<\/div> <!-- .et_pb_row -->\n\t\t\t\n\t\t<\/div> <!-- .et_pb_section --><\/p>\n","protected":false},"excerpt":{"rendered":"","protected":false},"author":1,"featured_media":0,"parent":0,"menu_order":0,"comment_status":"closed","ping_status":"closed","template":"","meta":{"footnotes":"","_joinchat":[]},"_links":{"self":[{"href":"https:\/\/meddel.com.br\/index.php?rest_route=\/wp\/v2\/pages\/896"}],"collection":[{"href":"https:\/\/meddel.com.br\/index.php?rest_route=\/wp\/v2\/pages"}],"about":[{"href":"https:\/\/meddel.com.br\/index.php?rest_route=\/wp\/v2\/types\/page"}],"author":[{"embeddable":true,"href":"https:\/\/meddel.com.br\/index.php?rest_route=\/wp\/v2\/users\/1"}],"replies":[{"embeddable":true,"href":"https:\/\/meddel.com.br\/index.php?rest_route=%2Fwp%2Fv2%2Fcomments&post=896"}],"version-history":[{"count":73,"href":"https:\/\/meddel.com.br\/index.php?rest_route=\/wp\/v2\/pages\/896\/revisions"}],"predecessor-version":[{"id":2782,"href":"https:\/\/meddel.com.br\/index.php?rest_route=\/wp\/v2\/pages\/896\/revisions\/2782"}],"wp:attachment":[{"href":"https:\/\/meddel.com.br\/index.php?rest_route=%2Fwp%2Fv2%2Fmedia&parent=896"}],"curies":[{"name":"wp","href":"https:\/\/api.w.org\/{rel}","templated":true}]}}