{"id":164,"date":"2010-09-15T08:02:28","date_gmt":"2010-09-15T08:02:28","guid":{"rendered":"http:\/\/elegantthemes.com\/preview\/DeepFocus\/?page_id=164"},"modified":"2014-02-10T13:34:58","modified_gmt":"2014-02-10T13:34:58","slug":"full-width","status":"publish","type":"page","link":"https:\/\/meddel.com.br\/?page_id=164","title":{"rendered":"Diferenciais"},"content":{"rendered":"<p>A Meddel possui diferenciais \u00a0importantes para toda empresa que precisa tomar decis\u00f5es\u00a0na escolha das T\u00e9cnicas de Medi\u00e7\u00e3o e Controle dos processos de Temperatura, Press\u00e3o e Vaz\u00e3o.<\/p>\n<p>1 &#8211; Empresa s\u00f3lida atua h\u00e1 mais de dez anos com distribui\u00e7\u00e3o de instrumentos para automa\u00e7\u00e3o de processos industriais.<\/p>\n<p>2 &#8211; Profissionais especializados com conhecimento das principais demandas dos diversos setores da ind\u00fastria.<\/p>\n<p>3 &#8211; Apresenta solu\u00e7\u00f5es eficientes para o cliente.<\/p>\n<p>4 &#8211; Agilidade no atendimento.<\/p>\n<p>5 &#8211; Diversidade em Instrumentos para medi\u00e7\u00e3o e controle de processos industriais.<\/p>\n<p>6 &#8211; Disponibilidade imediata de produtos.<\/p>\n<p style=\"text-align: justify;\">\n","protected":false},"excerpt":{"rendered":"<p>A Meddel possui diferenciais \u00a0importantes para toda empresa que precisa tomar decis\u00f5es\u00a0na escolha das T\u00e9cnicas de Medi\u00e7\u00e3o e Controle dos processos de Temperatura, Press\u00e3o e Vaz\u00e3o. 1 &#8211; Empresa s\u00f3lida atua h\u00e1 mais de dez anos com distribui\u00e7\u00e3o de instrumentos para automa\u00e7\u00e3o de processos industriais. 2 &#8211; Profissionais especializados com conhecimento das principais demandas dos [&hellip;]<\/p>\n","protected":false},"author":1,"featured_media":0,"parent":0,"menu_order":0,"comment_status":"open","ping_status":"closed","template":"","meta":{"footnotes":"","_joinchat":[]},"_links":{"self":[{"href":"https:\/\/meddel.com.br\/index.php?rest_route=\/wp\/v2\/pages\/164"}],"collection":[{"href":"https:\/\/meddel.com.br\/index.php?rest_route=\/wp\/v2\/pages"}],"about":[{"href":"https:\/\/meddel.com.br\/index.php?rest_route=\/wp\/v2\/types\/page"}],"author":[{"embeddable":true,"href":"https:\/\/meddel.com.br\/index.php?rest_route=\/wp\/v2\/users\/1"}],"replies":[{"embeddable":true,"href":"https:\/\/meddel.com.br\/index.php?rest_route=%2Fwp%2Fv2%2Fcomments&post=164"}],"version-history":[{"count":2,"href":"https:\/\/meddel.com.br\/index.php?rest_route=\/wp\/v2\/pages\/164\/revisions"}],"predecessor-version":[{"id":2017,"href":"https:\/\/meddel.com.br\/index.php?rest_route=\/wp\/v2\/pages\/164\/revisions\/2017"}],"wp:attachment":[{"href":"https:\/\/meddel.com.br\/index.php?rest_route=%2Fwp%2Fv2%2Fmedia&parent=164"}],"curies":[{"name":"wp","href":"https:\/\/api.w.org\/{rel}","templated":true}]}}