{"id":1109,"date":"2014-01-14T14:43:05","date_gmt":"2014-01-14T14:43:05","guid":{"rendered":"http:\/\/www.bmmarketing.com.br\/meddel\/?page_id=1109"},"modified":"2014-01-14T14:43:05","modified_gmt":"2014-01-14T14:43:05","slug":"consultoria","status":"publish","type":"page","link":"https:\/\/meddel.com.br\/?page_id=1109","title":{"rendered":"Consultoria"},"content":{"rendered":"<p><div class=\"et_pb_section et_pb_fullwidth_section\" style='background-color:#1e73be;'>\n\t\t\t\n\t\t\t\n\t\t<\/div> <!-- .et_pb_section --><div class=\"et_pb_section\">\n\t\t\t<div class=\"et_pb_row\">\n\t\t\t<div class=\"et_pb_column et_pb_column_4_4\">\n\t\t\t<div class=\"et_pb_text et_pb_bg_layout_light et_pb_text_align_left\">\n\t\t\t\n<h2>Servi\u00e7os<\/h2>\n<h3><\/h3>\n<h3><span style=\"color: #ff9900;\">Consultoria em Instrumenta\u00e7\u00e3o<\/span><\/h3>\n<p>O termo Instrumenta\u00e7\u00e3o em engenharia est\u00e1 associado aos projetos, instala\u00e7\u00e3o, constru\u00e7\u00e3o e opera\u00e7\u00e3o dos Instrumentos, sendo esses utilizados para medir, controlar, registrar ou indicar as vari\u00e1veis de um processo produtivo. (SENAI, 2001)<\/p>\n<ul>\n<li>Treinamento em T\u00e9cnicas de Medi\u00e7\u00e3o e Controle.<\/li>\n<li>Orienta\u00e7\u00e3o na escolha das T\u00e9cnicas de Medi\u00e7\u00e3o e Controle dos processos de Temperatura, Press\u00e3o e Vaz\u00e3o.<\/li>\n<li>Prestar Assist\u00eancia na sele\u00e7\u00e3o de Equipamentos para Supervis\u00e3o, Seguran\u00e7a e Controle de Chama.<\/li>\n<li>Orientar quanto as modifica\u00e7\u00f5es necess\u00e1rias nas Malhas de Medi\u00e7\u00e3o e Controle.<\/li>\n<li>Especifica\u00e7\u00e3o dos Instrumentos de Medi\u00e7\u00e3o e Controle adequados ao Processo.<\/li>\n<li>Orienta\u00e7\u00e3o dos Cuidados B\u00e1sicos em medidas de Alta Exatid\u00e3o.<\/li>\n<\/ul>\n\n\t\t<\/div> <!-- .et_pb_text -->\n\t\t<\/div> <!-- .et_pb_column -->\n\t\t<\/div> <!-- .et_pb_row --><div class=\"et_pb_row\">\n\t\t\t\n\t\t<\/div> <!-- .et_pb_row -->\n\t\t\t\n\t\t<\/div> <!-- .et_pb_section --><\/p>\n","protected":false},"excerpt":{"rendered":"","protected":false},"author":1,"featured_media":0,"parent":724,"menu_order":0,"comment_status":"closed","ping_status":"closed","template":"","meta":{"footnotes":"","_joinchat":[]},"_links":{"self":[{"href":"https:\/\/meddel.com.br\/index.php?rest_route=\/wp\/v2\/pages\/1109"}],"collection":[{"href":"https:\/\/meddel.com.br\/index.php?rest_route=\/wp\/v2\/pages"}],"about":[{"href":"https:\/\/meddel.com.br\/index.php?rest_route=\/wp\/v2\/types\/page"}],"author":[{"embeddable":true,"href":"https:\/\/meddel.com.br\/index.php?rest_route=\/wp\/v2\/users\/1"}],"replies":[{"embeddable":true,"href":"https:\/\/meddel.com.br\/index.php?rest_route=%2Fwp%2Fv2%2Fcomments&post=1109"}],"version-history":[{"count":0,"href":"https:\/\/meddel.com.br\/index.php?rest_route=\/wp\/v2\/pages\/1109\/revisions"}],"up":[{"embeddable":true,"href":"https:\/\/meddel.com.br\/index.php?rest_route=\/wp\/v2\/pages\/724"}],"wp:attachment":[{"href":"https:\/\/meddel.com.br\/index.php?rest_route=%2Fwp%2Fv2%2Fmedia&parent=1109"}],"curies":[{"name":"wp","href":"https:\/\/api.w.org\/{rel}","templated":true}]}}